{"id":16,"date":"2012-09-12T18:14:40","date_gmt":"2012-09-12T17:14:40","guid":{"rendered":"http:\/\/www.embellissement-montfaucon.ch\/wp\/?page_id=16"},"modified":"2023-02-06T18:43:50","modified_gmt":"2023-02-06T17:43:50","slug":"plan-des-reservations","status":"publish","type":"page","link":"https:\/\/www.embellissement-montfaucon.ch\/wp\/?page_id=16","title":{"rendered":"R\u00e9servations"},"content":{"rendered":"<p>La cabane peut \u00eatre lou\u00e9e durant la p\u00e9riode estivale (de mai \u00e0 octobre). Elle offre de la place pour 45 personnes \u00e0 l&rsquo;ext\u00e9rieur et 35 places \u00e0 l&rsquo;int\u00e9rieur. Grill, eau courante et toilettes adapt\u00e9es aux personnes \u00e0 mobilit\u00e9 r\u00e9duite sont \u00e9galement \u00e0 disposition. Les mois d&rsquo;hiver, la cabane reste ouverte.<\/p>\n<p>Les r\u00e9servations s&rsquo;effectuent aupr\u00e8s de Jean-Marie Miserez \u00e0 Montfaucon : jmmiserez@gmail.com ou 079 459 09 39.<\/p>\n<p>Consulter le <a href=\"http:\/\/www.embellissement-montfaucon.ch\/fichiers\/file\/Cabane\/reservations_cabane.pdf\" target=\"_blank\" rel=\"noopener\">plan des r\u00e9servations de la cabane foresti\u00e8re<\/a>. Appuyer sur Ctrl+F5 pour forcer le rafra\u00eechissement du fichier PDF sur votre ordinateur.<\/p>\n<address><strong>Tarifs<\/strong><br \/>Le prix de la location est de 70 CHF pour les citoyens de Montfaucon, et 130 CHF pour les autres personnes.<\/address>\n<p><em>Le plan des r\u00e9servations est mis \u00e0 disposition ici \u00e0 titre informatif uniquement. Celui-ci est mis \u00e0 jour r\u00e9guli\u00e8rement, mais il se peut que les donn\u00e9es n&rsquo;aient pas \u00e9t\u00e9 actualis\u00e9es au moment ou vous lisez ces lignes.<\/em><\/p>\n\n\n<p><\/p>\n","protected":false},"excerpt":{"rendered":"<p>La cabane peut \u00eatre lou\u00e9e durant la p\u00e9riode estivale (de mai \u00e0 octobre). Elle offre de la place pour 45 personnes \u00e0 l&rsquo;ext\u00e9rieur et 35 places \u00e0 l&rsquo;int\u00e9rieur. Grill, eau courante et toilettes adapt\u00e9es aux personnes \u00e0 mobilit\u00e9 r\u00e9duite sont &hellip; <a href=\"https:\/\/www.embellissement-montfaucon.ch\/wp\/?page_id=16\">Continuer la lecture <span class=\"meta-nav\">&rarr;<\/span><\/a><\/p>\n","protected":false},"author":1,"featured_media":0,"parent":8,"menu_order":0,"comment_status":"closed","ping_status":"closed","template":"","meta":{"footnotes":""},"class_list":["post-16","page","type-page","status-publish","hentry"],"_links":{"self":[{"href":"https:\/\/www.embellissement-montfaucon.ch\/wp\/index.php?rest_route=\/wp\/v2\/pages\/16","targetHints":{"allow":["GET"]}}],"collection":[{"href":"https:\/\/www.embellissement-montfaucon.ch\/wp\/index.php?rest_route=\/wp\/v2\/pages"}],"about":[{"href":"https:\/\/www.embellissement-montfaucon.ch\/wp\/index.php?rest_route=\/wp\/v2\/types\/page"}],"author":[{"embeddable":true,"href":"https:\/\/www.embellissement-montfaucon.ch\/wp\/index.php?rest_route=\/wp\/v2\/users\/1"}],"replies":[{"embeddable":true,"href":"https:\/\/www.embellissement-montfaucon.ch\/wp\/index.php?rest_route=%2Fwp%2Fv2%2Fcomments&post=16"}],"version-history":[{"count":16,"href":"https:\/\/www.embellissement-montfaucon.ch\/wp\/index.php?rest_route=\/wp\/v2\/pages\/16\/revisions"}],"predecessor-version":[{"id":391,"href":"https:\/\/www.embellissement-montfaucon.ch\/wp\/index.php?rest_route=\/wp\/v2\/pages\/16\/revisions\/391"}],"up":[{"embeddable":true,"href":"https:\/\/www.embellissement-montfaucon.ch\/wp\/index.php?rest_route=\/wp\/v2\/pages\/8"}],"wp:attachment":[{"href":"https:\/\/www.embellissement-montfaucon.ch\/wp\/index.php?rest_route=%2Fwp%2Fv2%2Fmedia&parent=16"}],"curies":[{"name":"wp","href":"https:\/\/api.w.org\/{rel}","templated":true}]}}

Réservations

<p>La cabane peut être louée durant la période estivale (de mai à octobre). Elle offre de la place pour 45 personnes à l&rsquo;extérieur et 35 places à l&rsquo;intérieur. Grill, eau courante et toilettes adaptées aux personnes à mobilité réduite sont également à disposition. Les mois d&rsquo;hiver, la cabane reste ouverte.</p>
<p>Les réservations s&rsquo;effectuent auprès de Jean-Marie Miserez à Montfaucon : jmmiserez@gmail.com ou 079 459 09 39.</p>
<p>Consulter le <a href="http://www.embellissement-montfaucon.ch/fichiers/file/Cabane/reservations_cabane.pdf" target="_blank" rel="noopener">plan des réservations de la cabane forestière</a>. Appuyer sur Ctrl+F5 pour forcer le rafraîchissement du fichier PDF sur votre ordinateur.</p>
<address><strong>Tarifs</strong><br />Le prix de la location est de 70 CHF pour les citoyens de Montfaucon, et 130 CHF pour les autres personnes.</address>
<p><em>Le plan des réservations est mis à disposition ici à titre informatif uniquement. Celui-ci est mis à jour régulièrement, mais il se peut que les données n&rsquo;aient pas été actualisées au moment ou vous lisez ces lignes.</em></p>


<p></p>

<p>La cabane peut être louée durant la période estivale (de mai à octobre). Elle offre de la place pour 45 personnes à l&rsquo;extérieur et 35 places à l&rsquo;intérieur. Grill, eau courante et toilettes adaptées aux personnes à mobilité réduite sont &hellip; <a href="https://www.embellissement-montfaucon.ch/wp/?page_id=16">Continuer la lecture <span class="meta-nav">&rarr;</span></a></p>
