{"id":33,"date":"2012-09-19T23:31:44","date_gmt":"2012-09-19T22:31:44","guid":{"rendered":"http:\/\/www.embellissement-montfaucon.ch\/wp\/?page_id=33"},"modified":"2013-10-23T19:03:15","modified_gmt":"2013-10-23T18:03:15","slug":"tarifs-et-reglement","status":"publish","type":"page","link":"https:\/\/www.embellissement-montfaucon.ch\/wp\/?page_id=33","title":{"rendered":"R\u00e8glement"},"content":{"rendered":"<p>Toute personne int\u00e9ress\u00e9e \u00e0 la location est invit\u00e9e \u00e0 prendre connaissance du <a title=\"R\u00e8glement de la cabane foresti\u00e8re\" href=\"http:\/\/www.embellissement-montfaucon.ch\/wp_documents\/reglement_cabane.pdf\" target=\"_blank\">r\u00e8glement de la cabane foresti\u00e8re<\/a>.<\/p>\n","protected":false},"excerpt":{"rendered":"<p>Toute personne int\u00e9ress\u00e9e \u00e0 la location est invit\u00e9e \u00e0 prendre connaissance du r\u00e8glement de la cabane foresti\u00e8re.<\/p>\n","protected":false},"author":1,"featured_media":0,"parent":8,"menu_order":0,"comment_status":"closed","ping_status":"closed","template":"","meta":{"footnotes":""},"class_list":["post-33","page","type-page","status-publish","hentry"],"_links":{"self":[{"href":"https:\/\/www.embellissement-montfaucon.ch\/wp\/index.php?rest_route=\/wp\/v2\/pages\/33","targetHints":{"allow":["GET"]}}],"collection":[{"href":"https:\/\/www.embellissement-montfaucon.ch\/wp\/index.php?rest_route=\/wp\/v2\/pages"}],"about":[{"href":"https:\/\/www.embellissement-montfaucon.ch\/wp\/index.php?rest_route=\/wp\/v2\/types\/page"}],"author":[{"embeddable":true,"href":"https:\/\/www.embellissement-montfaucon.ch\/wp\/index.php?rest_route=\/wp\/v2\/users\/1"}],"replies":[{"embeddable":true,"href":"https:\/\/www.embellissement-montfaucon.ch\/wp\/index.php?rest_route=%2Fwp%2Fv2%2Fcomments&post=33"}],"version-history":[{"count":7,"href":"https:\/\/www.embellissement-montfaucon.ch\/wp\/index.php?rest_route=\/wp\/v2\/pages\/33\/revisions"}],"predecessor-version":[{"id":71,"href":"https:\/\/www.embellissement-montfaucon.ch\/wp\/index.php?rest_route=\/wp\/v2\/pages\/33\/revisions\/71"}],"up":[{"embeddable":true,"href":"https:\/\/www.embellissement-montfaucon.ch\/wp\/index.php?rest_route=\/wp\/v2\/pages\/8"}],"wp:attachment":[{"href":"https:\/\/www.embellissement-montfaucon.ch\/wp\/index.php?rest_route=%2Fwp%2Fv2%2Fmedia&parent=33"}],"curies":[{"name":"wp","href":"https:\/\/api.w.org\/{rel}","templated":true}]}}

Règlement

<p>Toute personne intéressée à la location est invitée à prendre connaissance du <a title="Règlement de la cabane forestière" href="http://www.embellissement-montfaucon.ch/wp_documents/reglement_cabane.pdf" target="_blank">règlement de la cabane forestière</a>.</p>

<p>Toute personne intéressée à la location est invitée à prendre connaissance du règlement de la cabane forestière.</p>
