{"id":60,"date":"2013-10-23T18:48:52","date_gmt":"2013-10-23T17:48:52","guid":{"rendered":"http:\/\/www.embellissement-montfaucon.ch\/wp\/?page_id=60"},"modified":"2019-06-12T22:03:11","modified_gmt":"2019-06-12T21:03:11","slug":"membres-du-comite","status":"publish","type":"page","link":"https:\/\/www.embellissement-montfaucon.ch\/wp\/?page_id=60","title":{"rendered":"Membres du comit\u00e9"},"content":{"rendered":"<p><em>Pr\u00e9sidente:<\/em> Jill Noirjean<\/p>\n<p><em>Vice-pr\u00e9sident:<\/em> Daniel Giorgio<\/p>\n<p><em>Secr\u00e9taire:<\/em> Sylvie Von Allmen<\/p>\n<p><em>Caissier:<\/em> Julien Marchand<\/p>\n<p><em>Membres:<\/em> Nicolas P\u00e9quignot, Christian Tanner, Denis Chevillat, Philippe Tschudi, Ga\u00ebtan Marchand, Macha Maitre<\/p>\n<p>(\u00e9tat au 23 mars 2018)<\/p>\n<p>&nbsp;<\/p>\n<p>&nbsp;<\/p>\n<p>&nbsp;<\/p>\n<p>&nbsp;<\/p>\n","protected":false},"excerpt":{"rendered":"<p>Pr\u00e9sidente: Jill Noirjean Vice-pr\u00e9sident: Daniel Giorgio Secr\u00e9taire: Sylvie Von Allmen Caissier: Julien Marchand Membres: Nicolas P\u00e9quignot, Christian Tanner, Denis Chevillat, Philippe Tschudi, Ga\u00ebtan Marchand, Macha Maitre (\u00e9tat au 23 mars 2018) &nbsp; &nbsp; &nbsp; &nbsp;<\/p>\n","protected":false},"author":1,"featured_media":0,"parent":6,"menu_order":2,"comment_status":"closed","ping_status":"closed","template":"","meta":{"footnotes":""},"class_list":["post-60","page","type-page","status-publish","hentry"],"_links":{"self":[{"href":"https:\/\/www.embellissement-montfaucon.ch\/wp\/index.php?rest_route=\/wp\/v2\/pages\/60","targetHints":{"allow":["GET"]}}],"collection":[{"href":"https:\/\/www.embellissement-montfaucon.ch\/wp\/index.php?rest_route=\/wp\/v2\/pages"}],"about":[{"href":"https:\/\/www.embellissement-montfaucon.ch\/wp\/index.php?rest_route=\/wp\/v2\/types\/page"}],"author":[{"embeddable":true,"href":"https:\/\/www.embellissement-montfaucon.ch\/wp\/index.php?rest_route=\/wp\/v2\/users\/1"}],"replies":[{"embeddable":true,"href":"https:\/\/www.embellissement-montfaucon.ch\/wp\/index.php?rest_route=%2Fwp%2Fv2%2Fcomments&post=60"}],"version-history":[{"count":11,"href":"https:\/\/www.embellissement-montfaucon.ch\/wp\/index.php?rest_route=\/wp\/v2\/pages\/60\/revisions"}],"predecessor-version":[{"id":300,"href":"https:\/\/www.embellissement-montfaucon.ch\/wp\/index.php?rest_route=\/wp\/v2\/pages\/60\/revisions\/300"}],"up":[{"embeddable":true,"href":"https:\/\/www.embellissement-montfaucon.ch\/wp\/index.php?rest_route=\/wp\/v2\/pages\/6"}],"wp:attachment":[{"href":"https:\/\/www.embellissement-montfaucon.ch\/wp\/index.php?rest_route=%2Fwp%2Fv2%2Fmedia&parent=60"}],"curies":[{"name":"wp","href":"https:\/\/api.w.org\/{rel}","templated":true}]}}

Membres du comité

<p><em>Présidente:</em> Jill Noirjean</p>
<p><em>Vice-président:</em> Daniel Giorgio</p>
<p><em>Secrétaire:</em> Sylvie Von Allmen</p>
<p><em>Caissier:</em> Julien Marchand</p>
<p><em>Membres:</em> Nicolas Péquignot, Christian Tanner, Denis Chevillat, Philippe Tschudi, Gaëtan Marchand, Macha Maitre</p>
<p>(état au 23 mars 2018)</p>
<p>&nbsp;</p>
<p>&nbsp;</p>
<p>&nbsp;</p>
<p>&nbsp;</p>

<p>Présidente: Jill Noirjean Vice-président: Daniel Giorgio Secrétaire: Sylvie Von Allmen Caissier: Julien Marchand Membres: Nicolas Péquignot, Christian Tanner, Denis Chevillat, Philippe Tschudi, Gaëtan Marchand, Macha Maitre (état au 23 mars 2018) &nbsp; &nbsp; &nbsp; &nbsp;</p>
